at is 10402 - 135?
10234
In base 9, what is -111 - -750?
638
In base 10, what is 3 + -575367?
-575364
In base 7, what is -2 - 106354?
-106356
In base 12, what is 2 + 4379a0?
4379a2
In base 8, what is -117327 - 5?
-117334
In base 5, what is -124 + 20114?
14440
In base 9, what is -225 + 1287?
1062
In base 9, what is 2 - 84571?
-84568
In base 10, what is -3 + -2140?
-2143
In base 14, what is 1715d - 17?
17146
In base 10, what is -37413 + 121?
-37292
In base 2, what is -1000011011010 + -1101110?
-1000101001000
In base 14, what is -4 + -16849b?
-1684a1
In base 15, what is -5072d - 4?
-50732
In base 12, what is 2 - 2942?
-2940
In base 13, what is 4 + -2b97?
-2b93
In base 9, what is 8414 + 3?
8417
In base 8, what is 1533 + -323?
1210
In base 9, what is -1321484 + 1?
-1321483
In base 6, what is 342205002 - 5?
342204553
In base 9, what is -2 + -442844?
-442846
In base 8, what is -320054 - -5?
-320047
In base 16, what is 173 + -89?
ea
In base 2, what is 110 - -1000110110100111100?
1000110110101000010
In base 6, what is -12 - -11442?
11430
In base 11, what is -4 + 11a24a?
11a246
In base 10, what is 185987 + -5?
185982
In base 5, what is 10 + 1034420?
1034430
In base 8, what is -33 + 76502?
76447
In base 8, what is -60 - 2260?
-2340
In base 10, what is 73 - 433?
-360
In base 14, what is 6 - -32b6?
32bc
In base 11, what is 11 + -98077?
-98066
In base 7, what is 2342 + -2?
2340
In base 8, what is 136 + -13546?
-13410
In base 4, what is 102 + -13021033?
-13020331
In base 13, what is 9 + 319a?
31a6
In base 13, what is -450 - 67?
-4b7
In base 6, what is -11522443 + -3?
-11522450
In base 11, what is -913 + -284?
-1097
In base 4, what is 102012320 - -20?
102013000
In base 7, what is -64 - -264320?
264223
In base 14, what is 32a + 1?
32b
In base 2, what is 101 + -110101010110100?
-110101010101111
In base 14, what is -2147 - 5?
-214c
In base 5, what is 3 - 343311310?
-343311302
In base 11, what is 73 + 770?
833
In base 16, what is 0 - -8bcb?
8bcb
In base 6, what is 3053 - -45342?
52435
In base 4, what is 22 - 1010300?
-1010212
In base 4, what is 10 + -1303102?
-1303032
In base 11, what is -66a6 + 86?
-6620
In base 6, what is -35 - 140450?
-140525
In base 12, what is -107 - 19?
-124
In base 3, what is -220002202012 + 12?
-220002202000
In base 9, what is -11012 - -35?
-10866
In base 15, what is -5 - -2110a?
21105
In base 5, what is -24113 + -4?
-24122
In base 7, what is 135 - 45244?
-45106
In base 15, what is 1d4072 + -3?
1d406e
In base 13, what is 5b1 - -9b?
67c
In base 8, what is -30 + 241725?
241675
In base 10, what is -3 - -31708?
31705
In base 7, what is 234 - -22?
256
In base 12, what is 5 - 64?
-5b
In base 14, what is -529 - -8?
-521
In base 15, what is -22c643 + 5?
-22c63d
In base 13, what is -1529 - -72?
-1487
In base 9, what is -146 - 305?
-452
In base 8, what is -4 + 2027660?
2027654
In base 3, what is -201201210 - 201?
-201202111
In base 4, what is -3 - 2201103?
-2201112
In base 12, what is 4 - 7237?
-7233
In base 7, what is -35126 - 3?
-35132
In base 13, what is -1 - -70b?
70a
In base 14, what is -1 - -3878?
3877
In base 11, what is 2237 - 17?
2220
In base 2, what is 10001 - -10101110110?
10110000111
In base 7, what is 505 + 2046?
2554
In base 4, what is -10013 + -21?
-10100
In base 2, what is -10101 - -101110101001?
101110010100
In base 7, what is 256400 - -1?
256401
In base 5, what is 21030414 + 2?
21030421
In base 15, what is -9 - 30e1a?
-30e24
In base 6, what is 2 + 15000411?
15000413
In base 9, what is -2 + -23266?
-23268
In base 5, what is 10141234 + 1?
10141240
In base 12, what is 164213 - 3?
164210
In base 14, what is -2 + -58b?
-58d
In base 5, what is 2 - -34333343?
34333400
In base 11, what is -14a5a5 - 4?
-14a5a9
In base 11, what is -241071 + 5?
-241067
In base 2, what is -11 - 1000000001000110?
-1000000001001001
In base 13, what is -1c - 5640?
-565c
In base 13, what is -b0 + a?
-a3
In base 4, what is -21102233230 - -1?
-21102233223
In base 14, what is 0 - -6a43?
6a43
In base 7, what is -36003563 + 0?
-36003563
In base 16, what is -3c - -67?
2b
In base 14, what is -1187 - -1b?
-116a
In base 4, what is 20223031 - 310?
20222121
In base 11, what is 2 + 1a367?
1a369
In base 13, what is -2559 + 4?
-2555
In base 12, what is 450 - -20?
470
In base 5, what is -34244342 - 31?
-34244423
In base 12, what is 492 - -229?
6bb
In base 13, what is -67c5a + -2?
-67c5c
In base 5, what is 102 + -30021?
-24414
In base 6, what is -1 - 23323?
-23324
In base 9, what is -168648 + -2?
-168651
In base 7, what is 1140 + 5601?
10041
In base 16, what is 4 - -662b7?
662bb
In base 2, what is 101 + -10101111001011?
-10101111000110
In base 9, what is 17 - 5242?
-5224
In base 13, what is -16 + 1530?
1517
In base 12, what is 903 - 7?
8b8
In base 10, what is 362 - -94?
456
In base 9, what is 7368 + -20?
7348
In base 4, what is 10 + -23112211?
-23112201
In base 12, what is -10 - -11a8?
1198
In base 4, what is 202020 - -31032?
233112
In base 6, what is -3 + -1541312?
-1541315
In base 12, what is b70 + -1ab?
981
In base 15, what is -148 + 188?
40
In base 8, what is 30464077 - -4?
30464103
In base 3, what is 212000112 + -1012?
211222100
In base 7, what is 6 + -103564?
-103555
In base 10, what is 401507 - -3?
401510
In base 16, what is -2d + -1761?
-178e
In base 15, what is 3 + 1d048b?
1d048e
In base 16, what is -20 - -28d4?
28b4
In base 7, what is -145 - 23?
-201
In base 14, what is 29 + 464b?
4676
In base 2, what is -101 + 10010011100?
10010010111
In base 9, what is -1 - 14742?
-14743
In base 14, what is a + -15d?
-153
In base 16, what is 5b3 - 21b?
398
In base 11, what is -2065476 - 5?
-2065480
In base 11, what is -29 + -529?
-557
In base 14, what is 4 - -1019c?
101a2
In base 8, what is 1 - 33237?
-33236
In base 11, what is -1 - -7499?
7498
In base 14, what is 36 + 7c9?
821
In base 15, what is -dda1 - -8?
-dd98
In base 16, what is -b5 - 293e?
-29f3
In base 11, what is -5 + 641?
637
In base 10, what is 126468 - 3?
126465
In base 12, what is 15 - 4577?
-4562
In base 13, what is 128916 + -3?
128913
In base 6, what is -3 - -14433354?
14433351
In base 6, what is -331413 + -4?
-331421
In base 3, what is -12 + 121020200112?
121020200100
In base 4, what is -110 + -13011111?
-13011221
In base 15, what is 3ce7 + 4?
3ceb
In base 13, what is -35c5 + -1?
-35c6
In base 6, what is -115 + -54?
-213
In base 6, what is 1353 - 0?
1353
In base 2, what is 100001110110001 + -1011?
100001110100110
In base 12, what is aa0 - -38?
b18
In base 9, what is -102 + -11118?
-11221
In base 7, what is 23 + 2016?
2042
In base 7, what is -455 + -15515?
-16303
In base 10, what is 5 + -14193?
-14188
In base 5, what is -3 + -141234?
-141242
In base 16, what is -d3d + -7?
-d44
In base 9, what is 3412628 - 2?
3412626
In base 13, what is 48a4 + 39?
4910
In base 14, what is -1 - b816?
-b817
In base 6, what is 41433 + 52?
41525
In base 11, what is -3 + 4066?
4063
In base 11, what is -3a8 - -130?
-278
In base 5, what is -13343440 + -1?
-13343441
In base 10, what is -5676 - -8?
-5668
In base 7, what is 0 - -25050?
25050
In base 6, what is -142 + -120504?
-121050
In base 15, what is -2 - 2b172?
-2b174
In base 5, what is 0 - -210313?
210313
In base 15, what is -1670d + -5?
-16713
In base 14, what is -42 + 5a?
18
In base 12, what is -200 + 201b?
1a1b
In base 11, what is 0 + -36a419?
-36a419
In base 5, what is -124 + -21044?
-21223
In base 8, what is -4 + -51444?
-51450
In base 3, what is -20200 - 20210112?
-21001012
In base 9, what is -4 - -8040?
8035
In base 9, what is 24 - 3142?
-3117
In base 7, what is 4 + 56311?
56315
In base 10, what is -3 + 142122?
142119
In base 9, what is 2 + -1668643?
-1668641
In base 16, what is -99c - -16d?
-82f
In base 9, what is -2 + -114175?
-114177
In base 9, what is -77 - -1303?
1215
In base 13, what is 0 + 24730?
24730
In base 11, what is -1701 - 679?
-227a
In base 10, what is 288777 + -4?
288773
In base 4, what is 121000 - -1?
121001
In base 8, what is -15431746 - -3?
-15431743
In base 12, what is 1 - -64898?
64899
In base 11, what is -195 + -97?
-281
In base 8, what is 2 + -11443?
-11441
In base 11, what is -1406 + 597?
-91a
In base 11, what is -1125447 - -3?
-1125444
In base 3, what is -1 - 101102202?
-101102210
In base 8, what is -24 - 2537?
-2563
In base 10, what is 33 + 9347?
9380
In